se 2*i = x + x - g, -2*x - 3*i = -1909. Is x a composite number?
False
Let h = -51 - -50. Is 4 - (-82 - (4 + h)) a composite number?
False
Suppose -38*f = f - 676299. Is f prime?
True
Let z(c) = c**2 - 6*c - 7. Let g be z(-2). Let q(j) = 16*j**2 - 12*j + 7. Is q(g) a prime number?
False
Suppose -2 + 8 = 2*n. Suppose 4*z + n*p - 3595 = 0, 3*z + 4*p - 785 - 1906 = 0. Is z a prime number?
False
Is (-2 - (-1728)/(-15))/((-10)/25) a composite number?
False
Let y(v) = 46*v**2 + 7*v - 19. Is y(6) composite?
True
Let r(t) = 2*t**2 + 2*t - 2. Let s = -8 - 4. Let a = s - -6. Is r(a) composite?
True
Suppose 1803*o - 1806*o + 125157 = 0. Is o a prime number?
True
Suppose -2*n = 2*n + 5*u + 8, n + 3*u + 9 = 0. Is n*842 + 10 + -5 a composite number?
False
Let c(a) = 720*a - 1. Let q be (-2)/(-4)*(-1 + 5 + -2). Is c(q) composite?
False
Suppose -88 = 7*c - 5835. Is c a prime number?
True
Let y be 16976/14 - 8/14. Let a = y + -781. Is a a prime number?
True
Suppose 3*y = 5*j + 3604 + 137, 1247 = y - 4*j. Is y prime?
False
Let m(o) = -o**2 - 2*o + 10687. Is m(0) composite?
False
Is (6/(-7))/2 + 3921650/175 composite?
False
Let f(c) = 10*c**2 - 43*c + 8. Is f(35) a prime number?
True
Let u be (10 - 10)/(2/(-2)). Suppose 5*s - 230 = -u*s. Is -1 + s - (3 - 5) prime?
True
Let o = -79 + 177. Suppose -3*q - 198 = 3*c, 41 = -c + 3*q + q. Let h = c + o. Is h composite?
False
Is -2941*(-3 - (-2 - 0)) a prime number?
False
Let h = 298 - 171. Let d = 293 - h. Is d composite?
True
Let z be (4 - 2)*5/2. Suppose z*f = -112 + 1092. Suppose 0*q = -4*q + f. Is q a prime number?
False
Suppose 0 = 3*s - 4*s - 1, -3*q - 4 = s. Let a = 690 + -980. Is q*(2 + a - 1) prime?
False
Is ((-37)/(-74))/((-2)/(-1996)) composite?
False
Let f(s) = -s**3 - 6*s**2 + 7*s. Let b be f(-7). Is b*1/2 + 12 + 1723 a composite number?
True
Suppose 96606 = 4*t + q, 2*q = 89*t - 93*t + 96608. Is t composite?
False
Let s(t) = -213*t - 11. Let b be s(11). Let z = b + 3939. Suppose 4*a + a - z = 0. Is a a composite number?
False
Let k = -15878 + 22855. Suppose 8*r - 4*r + k = 5*w, -w + 1399 = -2*r. Let z = w - 762. Is z prime?
True
Let d = 525 - 267. Let y = d - 92. Is y a prime number?
False
Is (-18)/(-171) - (-170709)/57 composite?
True
Suppose 0 = -w - 4*u + 267, 0*w + 266 = w + 5*u. Let h = -192 + w. Is h composite?
False
Let d be 11295*4/18*3. Suppose 3*m + d = m. Is (4/6)/((-10)/m) prime?
True
Let q(a) = a**2 - 11*a + 20. Let s be q(9). Suppose -5*c + 4*p = -4859, -927 = -2*c + s*p + 1017. Is c a composite number?
False
Suppose -v = 2*v - 3*c + 15, 2*v = 4*c - 16. Let w be -2 + -1684 + v + 0. Is (-2)/(-1)*w/(-16) prime?
True
Let i(y) = -5 + y**2 - 4*y**2 + y**2 + 6. Let l be i(1). Is 1 - -39 - (l + 4) a prime number?
True
Suppose f + 3*f = -20. Let i(b) = 7*b**2 - 7*b + 1. Is i(f) a prime number?
True
Let z(g) = 222*g**3 + 2*g**2 - 1. Let w be z(1). Let d = -32 - w. Let v = d - -368. Is v a prime number?
True
Let t = -7175 + 15486. Is t a prime number?
True
Suppose 0 = 38*o - 11*o - 1937979. Is o a prime number?
True
Let x be ((-44)/(-110))/(2/5). Let p(a) = 0 + 24*a**2 + 5*a + x - 8. Is p(4) a prime number?
True
Let o be 30/135 + (-74)/9. Let w be ((-472)/(-32))/((-2)/o). Suppose 0 = -3*x + w + 214. Is x a composite number?
True
Let k(w) = -62*w**3 + 15*w**2 + 50*w + 37. Is k(-6) a composite number?
False
Let j be 612/10*80/3. Let g = j + -959. Is g prime?
True
Let s be (-6)/(2 - (-1 + 5)). Suppose 0 = -s*u - 3*w, 6*u - 4*w = 3*u + 35. Suppose 5*l = -u*o + 585, o - 2*l - l - 109 = 0. Is o composite?
True
Suppose 26 - 106 = -4*r. Suppose u - 5*u = -r. Suppose u + 16 = j. Is j composite?
True
Suppose 0 = -8*q + 3*q - 35. Let c(f) = -f**3 - 7*f**2 + 5*f + 7. Let h be c(q). Let s = 235 - h. Is s prime?
True
Let u(g) = 61*g + 53. Let p(t) = -20*t - 18. Let o(l) = -17*p(l) - 6*u(l). Is o(-13) composite?
True
Let b(h) = 128*h + 965. Is b(52) a composite number?
False
Suppose -5315 - 9241 = -4*i. Is i prime?
False
Suppose -5*a + 15*a = 228070. Is a composite?
False
Is (-11992 + -6 - -9)/(-1) composite?
True
Let x(r) = 3*r**2 + 9*r - 3. Let j(b) = 2*b**2 + 6*b - 2. Let p(o) = -7*j(o) + 5*x(o). Let a be p(-4). Suppose -a*n + 628 = 2*y, -4*n + 3 = 11. Is y composite?
False
Let h(i) = -i**3 - 11*i**2 - i - 10. Let p be h(-11). Is (-4)/p - (-199 - 16) a composite number?
False
Suppose 2*a = -5*j - 295 - 1228, -3*j - 2*a - 917 = 0. Let n = 590 + j. Is n composite?
True
Let t be (-1)/(-2) + (-6)/(-4). Suppose 3*z = 4*j + 15, 2*j = 5*z - t*j - 25. Suppose 0 = z*l - l - 2684. Is l prime?
False
Let p(n) = -n**3 - 1 + 6*n + n**2 + 8*n**2 - 5*n**2 + 3*n**2. Is p(5) prime?
True
Let z = 5 + -3. Let b(n) = 2*n**3 - 52*n**2 - 20*n + 27. Let w be b(27). Suppose -z*p + 2*o = -622, 6*p - w = 3*p - o. Is p prime?
False
Suppose 48 - 14 = 4*c + 2*s, -3*s - 9 = -4*c. Suppose 3*m - 2*h = c*m + 1918, 2*m = 2*h - 1292. Let l = 67 - m. Is l a composite number?
False
Suppose 3*i + l + l - 9 = 0, -15 = -5*i - 4*l. Suppose 0 = -i*w - 334 + 1393. Is w composite?
False
Suppose -4384 = -4*a - 4*r, a - 2*r = 501 + 580. Is a prime?
True
Let r = 9 - 13. Let y be r/(-10) + (-796)/(-10). Let v = 115 - y. Is v prime?
False
Suppose -29*y = -19*y - 110. Suppose 9*j + 578 = y*j. Is j prime?
False
Let b(m) = m**3 + 10*m**2 - 2*m - 15. Let h be b(-10). Suppose -2*c - h*j + 26 = 0, c + 0*j + j - 7 = 0. Is (6 - -133) + 1 + c composite?
True
Let y be (-39)/(-12) + (-1)/4. Suppose -z = -4*x - 483, -5*z + 3*x = -0*z - 2364. Suppose -y*c = -0*c - z. Is c a composite number?
False
Is 10433 - (-9)/(-2)*(-32)/(-24) prime?
True
Suppose -5*z + 14*z = 4509. Suppose -16*r - z = -19*r. Is r a prime number?
True
Let s = 5 - 42. Suppose 0 = j - 5 - 55. Let d = s + j. Is d composite?
False
Suppose 61 = 5*z + 16. Suppose a - 4*v - 15 = 0, -4*a + 9*a + 2*v = z. Suppose a*j - 59 = 172. Is j a prime number?
False
Suppose -21*x = 7*x - 133196. Is x a composite number?
True
Let i(l) = -l**3 - 2*l**2 - 4*l + 6. Let n(j) = j**3 + 4*j**2 + 2*j + 2. Let q be n(-4). Let w be i(q). Suppose 4*c - w = c. Is c composite?
True
Suppose 12494 = 6*b - 3160. Is b a composite number?
False
Suppose -42*z = -47*z + 13835. Is z prime?
True
Is (-2)/4 - 11/((-88)/19836) a composite number?
True
Suppose -3*d + 14*d - 66 = 0. Is 4/((-112)/(-3548)) - d/(-21) prime?
True
Let v(a) be the second derivative of 7*a**4/12 + 35*a**3/6 - 15*a**2/2 + 27*a. Is v(-19) prime?
True
Let m(i) = -i + 10. Let j be m(-6). Let z = j - 11. Suppose -535 = -z*a + 250. Is a prime?
True
Suppose 0*g = g - 2. Suppose 0 = 7*z - g*z - 310. Suppose 4*o - 6*o = -z. Is o composite?
False
Suppose 0*b - 2*b + 2*z = 4002, -z - 10035 = 5*b. Let u = 3073 + b. Is u prime?
False
Let t = 143 + 498. Is t a composite number?
False
Suppose -5*u + 14914 = -9441. Is u a composite number?
False
Suppose -g + 5648 = -9773. Is g composite?
True
Suppose 3*q - 3256 - 7559 = 2*u, -4*q + 4*u + 14416 = 0. Is q a prime number?
True
Suppose -3*z - 1660 = z. Let v be (-4)/(-6)*-6 + 766. Let j = z + v. Is j a prime number?
True
Is -7 - ((-27528 - -9) + 9) composite?
True
Let h(m) be the third derivative of m**4/8 + m**3/3 + 31*m**2. Is h(27) a composite number?
False
Let p(h) = 168*h - 5. Let i be 32/(-8)*(-3)/6. Is p(i) composite?
False
Let a = 101 - -1094. Is a a prime number?
False
Let o(m) = m**2 - 2*m + 59. Suppose 2*i - 32 + 20 = 0. Is o(i) composite?
False
Let m(p) = -p + 8. Let v be m(7). Suppose -d - v = -11. Suppose -56 = -o - d. Is o a prime number?
False
Let w(f) = 2*f**2 - 5*f + 2. Let d be w(3). Suppose -2450 = -0*z - d*z. Suppose 5*t - 4*k = -3*k + z, 0 = -5*k - 25. Is t a composite number?
False
Suppose 4*o + 5*h + 1186 - 56205 = 0, 0 = -5*o + 3*h + 68746. Is o composite?
False
Let n = -17536 - -28787. Is n a prime number?
True
Let j = -80 - -80. Suppose -3*w - 4*p + 23 = -6*p, -2*p + 2 = 2*w. Suppose w*b + 4*y = 913, j = 2*b + y - 226 - 141. Is b composite?
True
Suppose 0 = 7*f - 51 + 23. Suppose f*k - 237 = k. Is k prime?
True
Let u(a) = -802*a - 541. Is u(-6) a composite number?
False
Is (-16401)/(-35) + 2*(-1)/(-5) prime?
False
Let d = -38 - -44. Is (-3981)/(-1) - (-4 + d)*-1 a composite number?
True
Let z(b) = 61*b**3 + 8*b**2 - 7*b - 20. Is z(6) a prime number?
False
Suppose -15*g + 193863 = 468. Is g a composite number?
False